{"id":360,"date":"2023-10-23T10:29:08","date_gmt":"2023-10-23T08:29:08","guid":{"rendered":"https:\/\/www.zahnzentrum-ush.de\/?page_id=360"},"modified":"2025-05-21T10:33:35","modified_gmt":"2025-05-21T08:33:35","slug":"ihre-zahnaerzte","status":"publish","type":"page","link":"https:\/\/www.zahnzentrum-ush.de\/index.php\/die-praxis\/ihre-zahnaerzte\/","title":{"rendered":"Ihre Zahn\u00e4rzte"},"content":{"rendered":"<div class=\"wpb-content-wrapper\">[vc_row][vc_column][vc_raw_html css=&#8220;&#8220;]JTVCd3BleF90ZW1wbGF0ZSUyMGlkJTNEJTIyODgwJTIyJTVE[\/vc_raw_html][\/vc_column][\/vc_row][vc_row css_animation=&#8220;fadeIn&#8220; remove_bottom_col_margin=&#8220;true&#8220; css=&#8220;.vc_custom_1747380784684{margin-top: 2em !important;margin-bottom: 3em !important;}&#8220;][vc_column][vc_column_text css=&#8220;&#8220;]\n<h1 style=\"text-align: center;\">Ihre Zahn\u00e4rzte<\/h1>\n[\/vc_column_text][\/vc_column][\/vc_row][vc_row css_animation=&#8220;fadeInUp&#8220; content_placement=&#8220;top&#8220; gap=&#8220;20&#8243; css=&#8220;.vc_custom_1747381311044{margin-bottom: 50px !important;}&#8220; el_id=&#8220;steib&#8220;][vc_column width=&#8220;1\/4&#8243;][vc_single_image image=&#8220;1347&#8243; alignment=&#8220;center&#8220; style=&#8220;vc_box_border_circle&#8220; border_color=&#8220;white&#8220; css=&#8220;.vc_custom_1746784492080{margin-bottom: 35px !important;}&#8220; img_hover=&#8220;grow&#8220;][\/vc_column][vc_column width=&#8220;3\/4&#8243;][vc_row_inner][vc_column_inner][vc_column_text css=&#8220;&#8220; font_family=&#8220;Kanit&#8220;]\n<h2 style=\"text-align: left;\">Dr. Florian Steib<\/h2>\n[\/vc_column_text][vc_column_text css=&#8220;&#8220; color=&#8220;#47bed7&#8243;]\n<h4 style=\"text-align: left;\">Praxisinhaber | Zahnarzt<\/h4>\n[\/vc_column_text][\/vc_column_inner][\/vc_row_inner][vc_column_text css=&#8220;.vc_custom_1743586560904{margin-bottom: 25px !important;}&#8220;]\n<h3>Vita<\/h3>\n[\/vc_column_text][vc_column_text css=&#8220;.vc_custom_1746609147856{margin-bottom: 35px !important;}&#8220;]\n<ul>\n<li><strong>2006 \u2013 2011:<\/strong> Studium der Zahnmedizin an der Ludwigs-Maximilians-Universita\u0308t Mu\u0308nchen,<br \/>\nDissertation an der Poliklinik f\u00fcr Zahn\u00e4rztliche Prothetik der Ludwigs- Maximilians-Universit\u00e4t M\u00fcnchen zum Thema \u201eOberfl\u00e4chenmodifikation von ZrO2\u201c<\/li>\n<li><strong>2011 \u2013 2013:<\/strong> Vorbereitungsassistent in der Praxis fu\u0308r Implantologie und Zahnheilkunde Dr. Hieninger M.Sc. und Kollegen, Maisach<\/li>\n<li><strong>2013 \u2013 2014:<\/strong> Vorbereitungsassistent in der Praxisklinik M\u00fcnchen Nord, Dipl.-Ing. Dr. med. dent. Heinrich Middelmann, Unterschlei\u00dfheim<\/li>\n<li><strong>2014 \u2013 2023.<\/strong> Vorbereitungsassistent und angestellter Zahnarzt in der Gemeinschaftspraxis Dr. Sebastian und Dr. Matthias Obermeier, Hermann Amberger, Ergolding<\/li>\n<li><strong>2023:<\/strong> Gr\u00fcndung des Zahnzentrum Unterschlei\u00dfheim <em>Dr. Florian Steib &amp; Kollegen<\/em><\/li>\n<\/ul>\n[\/vc_column_text][vc_column_text css=&#8220;.vc_custom_1743586069379{margin-bottom: 25px !important;}&#8220;]\n<h3>Fortbildungen &amp; Spezialisierung<\/h3>\n[\/vc_column_text][vc_column_text css=&#8220;.vc_custom_1743587139842{margin-bottom: 35px !important;}&#8220;]\n<ul>\n<li>\u00c4sthetische Zahnmedizin<\/li>\n<li>Parodontologie<\/li>\n<li>Endodontologie<\/li>\n<li>Implantologie (Curriculum Implantologie der DGI)<\/li>\n<li>Kinderzahnheilkunde<\/li>\n<li>Aktiv f\u00fcr die LAGZ &#8211; Gruppenprophylaxe in Kinderg\u00e4rten<\/li>\n<\/ul>\n[\/vc_column_text][vc_column_text css=&#8220;.vc_custom_1743586179592{margin-bottom: 25px !important;}&#8220;]\n<h3>Mitgliedschaften<\/h3>\n[\/vc_column_text][vc_column_text css=&#8220;&#8220;]\n<ul>\n<li>Mitglied der Deutschen Gesellschaft f\u00fcr Implantologie <strong><a title=\"Homepage DGINET\" href=\"https:\/\/www.dginet.de\/\" target=\"_blank\" rel=\"noopener\">(DGI)<\/a><\/strong><\/li>\n<li>Mitglied der Deutsche Gesellschaft f\u00fcr Zahn-, Mund- und Kieferheilkunde <strong><a title=\"Homepage DGZMK\" href=\"https:\/\/www.dgzmk.de\/\" target=\"_blank\" rel=\"noopener\">(DGZMK)<\/a><\/strong><\/li>\n<li>Mitglied der Akademie Praxis und Wissenschaft<strong> <a title=\"Homepage APW\" href=\"https:\/\/www.apw.de\/\" target=\"_blank\" rel=\"noopener\">(APW)<\/a><\/strong><\/li>\n<li>Bayerische Landeszahn\u00e4rztekammer<strong><a title=\"Homepage BLZK\" href=\"http:\/\/www.blzk.de\/\" target=\"_blank\" rel=\"noopener\"> (BLZK)<\/a><\/strong><\/li>\n<\/ul>\n[\/vc_column_text][\/vc_column][\/vc_row][vc_row css_animation=&#8220;fadeInUp&#8220; content_placement=&#8220;top&#8220; gap=&#8220;35&#8243; css=&#8220;.vc_custom_1747381326002{margin-bottom: 50px !important;}&#8220; el_id=&#8220;kocher&#8220;][vc_column width=&#8220;1\/4&#8243;][vc_single_image image=&#8220;714&#8243; alignment=&#8220;center&#8220; style=&#8220;vc_box_border_circle&#8220; border_color=&#8220;white&#8220; css=&#8220;.vc_custom_1746784548542{margin-bottom: 35px !important;}&#8220; img_hover=&#8220;grow&#8220;][\/vc_column][vc_column width=&#8220;3\/4&#8243;][vc_row_inner][vc_column_inner][vc_column_text css=&#8220;&#8220; font_family=&#8220;Kanit&#8220;]\n<h2 style=\"text-align: left;\">Philippe Kocher<\/h2>\n[\/vc_column_text][vc_column_text css=&#8220;&#8220; color=&#8220;#47bed7&#8243;]\n<h4 style=\"text-align: left;\">Angestellter Zahnarzt<\/h4>\n[\/vc_column_text][\/vc_column_inner][\/vc_row_inner][vc_column_text css=&#8220;.vc_custom_1743586560904{margin-bottom: 25px !important;}&#8220;]\n<h3>Vita<\/h3>\n[\/vc_column_text][vc_column_text css=&#8220;.vc_custom_1743587765867{margin-bottom: 35px !important;}&#8220;]\n<ul>\n<li><strong>2011 &#8211; 2016:<\/strong> Studium der Zahnmedizin an der Justus-Liebig-Universit\u00e4t Gie\u00dfen<\/li>\n<li><strong>2016 \u2013 2018:<\/strong> Vorbereitungsassistent in der Zahnarztpraxis Dr. Peter und Katrin Bastobbe in Mainleus<\/li>\n<li><strong>2019 \u2013 2023:<\/strong> Angestellter Zahnarzt in der Zahnarztpraxis Dr. Christine Riederer in Kaufbeuren<\/li>\n<li><strong>Seit 2024:<\/strong> Angestellter Zahnarzt im Zahnzentrum Unterschlei\u00dfheim, Dr. Florian Steib &amp; Kollegen<\/li>\n<\/ul>\n[\/vc_column_text][vc_column_text css=&#8220;.vc_custom_1743586069379{margin-bottom: 25px !important;}&#8220;]\n<h3>Fortbildungen &amp; Spezialisierung<\/h3>\n[\/vc_column_text][vc_column_text css=&#8220;.vc_custom_1743587808644{margin-bottom: 35px !important;}&#8220;]\n<ul>\n<li>Parodontologie<\/li>\n<li>Implantologie<\/li>\n<li>Seit 2019 Masterstudiengang Parodontologie und Implantologie an der Donau-Universit\u00e4t Krems<\/li>\n<li style=\"list-style-type: none;\"><\/li>\n<\/ul>\n[\/vc_column_text][vc_column_text css=&#8220;.vc_custom_1743586179592{margin-bottom: 25px !important;}&#8220;]\n<h3>Mitgliedschaften<\/h3>\n[\/vc_column_text][vc_column_text css=&#8220;&#8220;]\n<ul>\n<li>Bayerische Landeszahn\u00e4rztekammer<strong><a title=\"Homepage BLZK\" href=\"http:\/\/www.blzk.de\/\" target=\"_blank\" rel=\"noopener\"> (BLZK)<\/a><\/strong><\/li>\n<\/ul>\n[\/vc_column_text][\/vc_column][\/vc_row][vc_row css_animation=&#8220;fadeInUp&#8220; gap=&#8220;35&#8243; css=&#8220;.vc_custom_1747381341678{margin-bottom: 100px !important;}&#8220; el_id=&#8220;schmidt&#8220;][vc_column width=&#8220;1\/4&#8243;][vc_single_image image=&#8220;713&#8243; alignment=&#8220;center&#8220; style=&#8220;vc_box_border_circle&#8220; border_color=&#8220;white&#8220; css=&#8220;.vc_custom_1746784609075{margin-bottom: 35px !important;}&#8220; img_hover=&#8220;grow&#8220;][\/vc_column][vc_column width=&#8220;3\/4&#8243;][vc_row_inner][vc_column_inner][vc_column_text css=&#8220;&#8220; font_family=&#8220;Kanit&#8220;]\n<h2 style=\"text-align: left;\">Philipp Schmidt<\/h2>\n[\/vc_column_text][vc_column_text css=&#8220;&#8220; color=&#8220;#47bed7&#8243;]\n<h4 style=\"text-align: left;\">Angestellter Zahnarzt<\/h4>\n[\/vc_column_text][\/vc_column_inner][\/vc_row_inner][vc_column_text css=&#8220;.vc_custom_1743586560904{margin-bottom: 25px !important;}&#8220;]\n<h3>Vita<\/h3>\n[\/vc_column_text][vc_column_text css=&#8220;.vc_custom_1743587622623{margin-bottom: 35px !important;}&#8220;]\n<ul>\n<li><strong>2005-2011: <\/strong>Studium der Zahnmedizin an der Ludwigs-Maximilian-Universit\u00e4t M\u00fcnchen<\/li>\n<li><strong>2012-2023:<\/strong> Vorbereitungsassistent und angestellter Zahnarzt in der Zahnarztpraxis Dr. Christine Riederer in Kaufbeuren<\/li>\n<li><strong>seit 2023:<\/strong> Angestellter Zahnarzt im Zahnzentrum Unterschlei\u00dfheim, Dr. Florian Steib &amp; Kollegen, sowie in der Zahnarztpraxis Dr. Christine Riederer in Kaufbeuren<\/li>\n<\/ul>\n[\/vc_column_text][vc_column_text css=&#8220;.vc_custom_1743586069379{margin-bottom: 25px !important;}&#8220;]\n<h3>Fortbildungen &amp; Spezialisierung<\/h3>\n[\/vc_column_text][vc_column_text css=&#8220;.vc_custom_1743587663748{margin-bottom: 35px !important;}&#8220;]\n<ul>\n<li>\u00c4sthetische Zahnmedizin<\/li>\n<li>Parodontologie<\/li>\n<li>Endodontologie (Curriculum Endodontie der DGET 2017)<\/li>\n<li>Kinderzahnheilkunde<\/li>\n<\/ul>\n[\/vc_column_text][vc_column_text css=&#8220;.vc_custom_1743586179592{margin-bottom: 25px !important;}&#8220;]\n<h3>Mitgliedschaften<\/h3>\n[\/vc_column_text][vc_column_text css=&#8220;&#8220;]\n<ul>\n<li>Bayerische Landeszahn\u00e4rztekammer<strong><a title=\"Homepage BLZK\" href=\"http:\/\/www.blzk.de\/\" target=\"_blank\" rel=\"noopener\"> (BLZK)<\/a><\/strong><\/li>\n<\/ul>\n[\/vc_column_text][\/vc_column][\/vc_row]\n<\/div>","protected":false},"excerpt":{"rendered":"<p>[vc_row][vc_column][vc_raw_html css=&#8220;&#8220;]JTVCd3BleF90ZW1wbGF0ZSUyMGlkJTNEJTIyODgwJTIyJTVE[\/vc_raw_html][\/vc_column][\/vc_row][vc_row css_animation=&#8220;fadeIn&#8220; remove_bottom_col_margin=&#8220;true&#8220; css=&#8220;.vc_custom_1747380784684{margin-top: 2em !important;margin-bottom: 3em !important;}&#8220;][vc_column][vc_column_text css=&#8220;&#8220;] Ihre Zahn\u00e4rzte [\/vc_column_text][\/vc_column][\/vc_row][vc_row css_animation=&#8220;fadeInUp&#8220; content_placement=&#8220;top&#8220; gap=&#8220;20&#8243; css=&#8220;.vc_custom_1747381311044{margin-bottom: 50px !important;}&#8220; el_id=&#8220;steib&#8220;][vc_column width=&#8220;1\/4&#8243;][vc_single_image image=&#8220;1347&#8243; alignment=&#8220;center&#8220; style=&#8220;vc_box_border_circle&#8220; border_color=&#8220;white&#8220; css=&#8220;.vc_custom_1746784492080{margin-bottom: 35px !important;}&#8220; img_hover=&#8220;grow&#8220;][\/vc_column][vc_column width=&#8220;3\/4&#8243;][vc_row_inner][vc_column_inner][vc_column_text css=&#8220;&#8220; font_family=&#8220;Kanit&#8220;] Dr. Florian Steib [\/vc_column_text][vc_column_text css=&#8220;&#8220; color=&#8220;#47bed7&#8243;] Praxisinhaber | Zahnarzt [\/vc_column_text][\/vc_column_inner][\/vc_row_inner][vc_column_text css=&#8220;.vc_custom_1743586560904{margin-bottom: 25px !important;}&#8220;] Vita [\/vc_column_text][vc_column_text css=&#8220;.vc_custom_1746609147856{margin-bottom: 35px !important;}&#8220;] 2006 \u2013 2011: Studium der&hellip;<\/p>\n","protected":false},"author":2,"featured_media":0,"parent":165,"menu_order":0,"comment_status":"closed","ping_status":"closed","template":"","meta":{"inline_featured_image":false,"footnotes":"","_links_to":"","_links_to_target":""},"class_list":["post-360","page","type-page","status-publish","hentry","entry","no-media"],"_links":{"self":[{"href":"https:\/\/www.zahnzentrum-ush.de\/index.php\/wp-json\/wp\/v2\/pages\/360","targetHints":{"allow":["GET"]}}],"collection":[{"href":"https:\/\/www.zahnzentrum-ush.de\/index.php\/wp-json\/wp\/v2\/pages"}],"about":[{"href":"https:\/\/www.zahnzentrum-ush.de\/index.php\/wp-json\/wp\/v2\/types\/page"}],"author":[{"embeddable":true,"href":"https:\/\/www.zahnzentrum-ush.de\/index.php\/wp-json\/wp\/v2\/users\/2"}],"replies":[{"embeddable":true,"href":"https:\/\/www.zahnzentrum-ush.de\/index.php\/wp-json\/wp\/v2\/comments?post=360"}],"version-history":[{"count":64,"href":"https:\/\/www.zahnzentrum-ush.de\/index.php\/wp-json\/wp\/v2\/pages\/360\/revisions"}],"predecessor-version":[{"id":1842,"href":"https:\/\/www.zahnzentrum-ush.de\/index.php\/wp-json\/wp\/v2\/pages\/360\/revisions\/1842"}],"up":[{"embeddable":true,"href":"https:\/\/www.zahnzentrum-ush.de\/index.php\/wp-json\/wp\/v2\/pages\/165"}],"wp:attachment":[{"href":"https:\/\/www.zahnzentrum-ush.de\/index.php\/wp-json\/wp\/v2\/media?parent=360"}],"curies":[{"name":"wp","href":"https:\/\/api.w.org\/{rel}","templated":true}]}}

Ihre Zahnärzte

<div class="wpb-content-wrapper">[vc_row][vc_column][vc_raw_html css=&#8220;&#8220;]JTVCd3BleF90ZW1wbGF0ZSUyMGlkJTNEJTIyODgwJTIyJTVE[/vc_raw_html][/vc_column][/vc_row][vc_row css_animation=&#8220;fadeIn&#8220; remove_bottom_col_margin=&#8220;true&#8220; css=&#8220;.vc_custom_1747380784684{margin-top: 2em !important;margin-bottom: 3em !important;}&#8220;][vc_column][vc_column_text css=&#8220;&#8220;]
<h1 style="text-align: center;">Ihre Zahnärzte</h1>
[/vc_column_text][/vc_column][/vc_row][vc_row css_animation=&#8220;fadeInUp&#8220; content_placement=&#8220;top&#8220; gap=&#8220;20&#8243; css=&#8220;.vc_custom_1747381311044{margin-bottom: 50px !important;}&#8220; el_id=&#8220;steib&#8220;][vc_column width=&#8220;1/4&#8243;][vc_single_image image=&#8220;1347&#8243; alignment=&#8220;center&#8220; style=&#8220;vc_box_border_circle&#8220; border_color=&#8220;white&#8220; css=&#8220;.vc_custom_1746784492080{margin-bottom: 35px !important;}&#8220; img_hover=&#8220;grow&#8220;][/vc_column][vc_column width=&#8220;3/4&#8243;][vc_row_inner][vc_column_inner][vc_column_text css=&#8220;&#8220; font_family=&#8220;Kanit&#8220;]
<h2 style="text-align: left;">Dr. Florian Steib</h2>
[/vc_column_text][vc_column_text css=&#8220;&#8220; color=&#8220;#47bed7&#8243;]
<h4 style="text-align: left;">Praxisinhaber | Zahnarzt</h4>
[/vc_column_text][/vc_column_inner][/vc_row_inner][vc_column_text css=&#8220;.vc_custom_1743586560904{margin-bottom: 25px !important;}&#8220;]
<h3>Vita</h3>
[/vc_column_text][vc_column_text css=&#8220;.vc_custom_1746609147856{margin-bottom: 35px !important;}&#8220;]
<ul>
<li><strong>2006 – 2011:</strong> Studium der Zahnmedizin an der Ludwigs-Maximilians-Universität München,<br />
Dissertation an der Poliklinik für Zahnärztliche Prothetik der Ludwigs- Maximilians-Universität München zum Thema „Oberflächenmodifikation von ZrO2“</li>
<li><strong>2011 – 2013:</strong> Vorbereitungsassistent in der Praxis für Implantologie und Zahnheilkunde Dr. Hieninger M.Sc. und Kollegen, Maisach</li>
<li><strong>2013 – 2014:</strong> Vorbereitungsassistent in der Praxisklinik München Nord, Dipl.-Ing. Dr. med. dent. Heinrich Middelmann, Unterschleißheim</li>
<li><strong>2014 – 2023.</strong> Vorbereitungsassistent und angestellter Zahnarzt in der Gemeinschaftspraxis Dr. Sebastian und Dr. Matthias Obermeier, Hermann Amberger, Ergolding</li>
<li><strong>2023:</strong> Gründung des Zahnzentrum Unterschleißheim <em>Dr. Florian Steib &amp; Kollegen</em></li>
</ul>
[/vc_column_text][vc_column_text css=&#8220;.vc_custom_1743586069379{margin-bottom: 25px !important;}&#8220;]
<h3>Fortbildungen &amp; Spezialisierung</h3>
[/vc_column_text][vc_column_text css=&#8220;.vc_custom_1743587139842{margin-bottom: 35px !important;}&#8220;]
<ul>
<li>Ästhetische Zahnmedizin</li>
<li>Parodontologie</li>
<li>Endodontologie</li>
<li>Implantologie (Curriculum Implantologie der DGI)</li>
<li>Kinderzahnheilkunde</li>
<li>Aktiv für die LAGZ &#8211; Gruppenprophylaxe in Kindergärten</li>
</ul>
[/vc_column_text][vc_column_text css=&#8220;.vc_custom_1743586179592{margin-bottom: 25px !important;}&#8220;]
<h3>Mitgliedschaften</h3>
[/vc_column_text][vc_column_text css=&#8220;&#8220;]
<ul>
<li>Mitglied der Deutschen Gesellschaft für Implantologie <strong><a title="Homepage DGINET" href="https://www.dginet.de/" target="_blank" rel="noopener">(DGI)</a></strong></li>
<li>Mitglied der Deutsche Gesellschaft für Zahn-, Mund- und Kieferheilkunde <strong><a title="Homepage DGZMK" href="https://www.dgzmk.de/" target="_blank" rel="noopener">(DGZMK)</a></strong></li>
<li>Mitglied der Akademie Praxis und Wissenschaft<strong> <a title="Homepage APW" href="https://www.apw.de/" target="_blank" rel="noopener">(APW)</a></strong></li>
<li>Bayerische Landeszahnärztekammer<strong><a title="Homepage BLZK" href="http://www.blzk.de/" target="_blank" rel="noopener"> (BLZK)</a></strong></li>
</ul>
[/vc_column_text][/vc_column][/vc_row][vc_row css_animation=&#8220;fadeInUp&#8220; content_placement=&#8220;top&#8220; gap=&#8220;35&#8243; css=&#8220;.vc_custom_1747381326002{margin-bottom: 50px !important;}&#8220; el_id=&#8220;kocher&#8220;][vc_column width=&#8220;1/4&#8243;][vc_single_image image=&#8220;714&#8243; alignment=&#8220;center&#8220; style=&#8220;vc_box_border_circle&#8220; border_color=&#8220;white&#8220; css=&#8220;.vc_custom_1746784548542{margin-bottom: 35px !important;}&#8220; img_hover=&#8220;grow&#8220;][/vc_column][vc_column width=&#8220;3/4&#8243;][vc_row_inner][vc_column_inner][vc_column_text css=&#8220;&#8220; font_family=&#8220;Kanit&#8220;]
<h2 style="text-align: left;">Philippe Kocher</h2>
[/vc_column_text][vc_column_text css=&#8220;&#8220; color=&#8220;#47bed7&#8243;]
<h4 style="text-align: left;">Angestellter Zahnarzt</h4>
[/vc_column_text][/vc_column_inner][/vc_row_inner][vc_column_text css=&#8220;.vc_custom_1743586560904{margin-bottom: 25px !important;}&#8220;]
<h3>Vita</h3>
[/vc_column_text][vc_column_text css=&#8220;.vc_custom_1743587765867{margin-bottom: 35px !important;}&#8220;]
<ul>
<li><strong>2011 &#8211; 2016:</strong> Studium der Zahnmedizin an der Justus-Liebig-Universität Gießen</li>
<li><strong>2016 – 2018:</strong> Vorbereitungsassistent in der Zahnarztpraxis Dr. Peter und Katrin Bastobbe in Mainleus</li>
<li><strong>2019 – 2023:</strong> Angestellter Zahnarzt in der Zahnarztpraxis Dr. Christine Riederer in Kaufbeuren</li>
<li><strong>Seit 2024:</strong> Angestellter Zahnarzt im Zahnzentrum Unterschleißheim, Dr. Florian Steib &amp; Kollegen</li>
</ul>
[/vc_column_text][vc_column_text css=&#8220;.vc_custom_1743586069379{margin-bottom: 25px !important;}&#8220;]
<h3>Fortbildungen &amp; Spezialisierung</h3>
[/vc_column_text][vc_column_text css=&#8220;.vc_custom_1743587808644{margin-bottom: 35px !important;}&#8220;]
<ul>
<li>Parodontologie</li>
<li>Implantologie</li>
<li>Seit 2019 Masterstudiengang Parodontologie und Implantologie an der Donau-Universität Krems</li>
<li style="list-style-type: none;"></li>
</ul>
[/vc_column_text][vc_column_text css=&#8220;.vc_custom_1743586179592{margin-bottom: 25px !important;}&#8220;]
<h3>Mitgliedschaften</h3>
[/vc_column_text][vc_column_text css=&#8220;&#8220;]
<ul>
<li>Bayerische Landeszahnärztekammer<strong><a title="Homepage BLZK" href="http://www.blzk.de/" target="_blank" rel="noopener"> (BLZK)</a></strong></li>
</ul>
[/vc_column_text][/vc_column][/vc_row][vc_row css_animation=&#8220;fadeInUp&#8220; gap=&#8220;35&#8243; css=&#8220;.vc_custom_1747381341678{margin-bottom: 100px !important;}&#8220; el_id=&#8220;schmidt&#8220;][vc_column width=&#8220;1/4&#8243;][vc_single_image image=&#8220;713&#8243; alignment=&#8220;center&#8220; style=&#8220;vc_box_border_circle&#8220; border_color=&#8220;white&#8220; css=&#8220;.vc_custom_1746784609075{margin-bottom: 35px !important;}&#8220; img_hover=&#8220;grow&#8220;][/vc_column][vc_column width=&#8220;3/4&#8243;][vc_row_inner][vc_column_inner][vc_column_text css=&#8220;&#8220; font_family=&#8220;Kanit&#8220;]
<h2 style="text-align: left;">Philipp Schmidt</h2>
[/vc_column_text][vc_column_text css=&#8220;&#8220; color=&#8220;#47bed7&#8243;]
<h4 style="text-align: left;">Angestellter Zahnarzt</h4>
[/vc_column_text][/vc_column_inner][/vc_row_inner][vc_column_text css=&#8220;.vc_custom_1743586560904{margin-bottom: 25px !important;}&#8220;]
<h3>Vita</h3>
[/vc_column_text][vc_column_text css=&#8220;.vc_custom_1743587622623{margin-bottom: 35px !important;}&#8220;]
<ul>
<li><strong>2005-2011: </strong>Studium der Zahnmedizin an der Ludwigs-Maximilian-Universität München</li>
<li><strong>2012-2023:</strong> Vorbereitungsassistent und angestellter Zahnarzt in der Zahnarztpraxis Dr. Christine Riederer in Kaufbeuren</li>
<li><strong>seit 2023:</strong> Angestellter Zahnarzt im Zahnzentrum Unterschleißheim, Dr. Florian Steib &amp; Kollegen, sowie in der Zahnarztpraxis Dr. Christine Riederer in Kaufbeuren</li>
</ul>
[/vc_column_text][vc_column_text css=&#8220;.vc_custom_1743586069379{margin-bottom: 25px !important;}&#8220;]
<h3>Fortbildungen &amp; Spezialisierung</h3>
[/vc_column_text][vc_column_text css=&#8220;.vc_custom_1743587663748{margin-bottom: 35px !important;}&#8220;]
<ul>
<li>Ästhetische Zahnmedizin</li>
<li>Parodontologie</li>
<li>Endodontologie (Curriculum Endodontie der DGET 2017)</li>
<li>Kinderzahnheilkunde</li>
</ul>
[/vc_column_text][vc_column_text css=&#8220;.vc_custom_1743586179592{margin-bottom: 25px !important;}&#8220;]
<h3>Mitgliedschaften</h3>
[/vc_column_text][vc_column_text css=&#8220;&#8220;]
<ul>
<li>Bayerische Landeszahnärztekammer<strong><a title="Homepage BLZK" href="http://www.blzk.de/" target="_blank" rel="noopener"> (BLZK)</a></strong></li>
</ul>
[/vc_column_text][/vc_column][/vc_row]
</div>

<p>[vc_row][vc_column][vc_raw_html css=&#8220;&#8220;]JTVCd3BleF90ZW1wbGF0ZSUyMGlkJTNEJTIyODgwJTIyJTVE[/vc_raw_html][/vc_column][/vc_row][vc_row css_animation=&#8220;fadeIn&#8220; remove_bottom_col_margin=&#8220;true&#8220; css=&#8220;.vc_custom_1747380784684{margin-top: 2em !important;margin-bottom: 3em !important;}&#8220;][vc_column][vc_column_text css=&#8220;&#8220;] Ihre Zahnärzte [/vc_column_text][/vc_column][/vc_row][vc_row css_animation=&#8220;fadeInUp&#8220; content_placement=&#8220;top&#8220; gap=&#8220;20&#8243; css=&#8220;.vc_custom_1747381311044{margin-bottom: 50px !important;}&#8220; el_id=&#8220;steib&#8220;][vc_column width=&#8220;1/4&#8243;][vc_single_image image=&#8220;1347&#8243; alignment=&#8220;center&#8220; style=&#8220;vc_box_border_circle&#8220; border_color=&#8220;white&#8220; css=&#8220;.vc_custom_1746784492080{margin-bottom: 35px !important;}&#8220; img_hover=&#8220;grow&#8220;][/vc_column][vc_column width=&#8220;3/4&#8243;][vc_row_inner][vc_column_inner][vc_column_text css=&#8220;&#8220; font_family=&#8220;Kanit&#8220;] Dr. Florian Steib [/vc_column_text][vc_column_text css=&#8220;&#8220; color=&#8220;#47bed7&#8243;] Praxisinhaber | Zahnarzt [/vc_column_text][/vc_column_inner][/vc_row_inner][vc_column_text css=&#8220;.vc_custom_1743586560904{margin-bottom: 25px !important;}&#8220;] Vita [/vc_column_text][vc_column_text css=&#8220;.vc_custom_1746609147856{margin-bottom: 35px !important;}&#8220;] 2006 – 2011: Studium der&hellip;</p>
